{"id":64,"date":"2016-01-12T14:13:42","date_gmt":"2016-01-12T14:13:42","guid":{"rendered":"http:\/\/172.31.50.131\/40horas\/?page_id=64"},"modified":"2026-01-21T23:34:22","modified_gmt":"2026-01-22T02:34:22","slug":"historia-de-la-virgen-de-las-40-horas","status":"publish","type":"page","link":"https:\/\/santuario40horas.cl\/?page_id=64","title":{"rendered":"Historia de la Virgen"},"content":{"rendered":"\t\t<div data-elementor-type=\"wp-page\" data-elementor-id=\"64\" class=\"elementor elementor-64\">\n\t\t\t\t<div class=\"elementor-element elementor-element-5d93380 e-con-full e-flex e-con e-parent\" data-id=\"5d93380\" data-element_type=\"container\">\n\t\t<div class=\"elementor-element elementor-element-47ca509 e-con-full e-flex e-con e-child\" data-id=\"47ca509\" data-element_type=\"container\">\n\t\t\t\t<div class=\"elementor-element elementor-element-eb0d06f elementor-widget elementor-widget-image\" data-id=\"eb0d06f\" data-element_type=\"widget\" data-widget_type=\"image.default\">\n\t\t\t\t\t\t\t\t\t\t\t\t\t\t\t<img decoding=\"async\" src=\"https:\/\/santuario40horas.cl\/wp-content\/uploads\/2016\/05\/Estampa_1.jpg\" title=\"Estampa_1\" alt=\"Estampa_1\" class=\"elementor-animation-sink\" loading=\"lazy\" \/>\t\t\t\t\t\t\t\t\t\t\t\t\t\t\t<\/div>\n\t\t\t\t<\/div>\n\t\t<div class=\"elementor-element elementor-element-e0d8fbf e-con-full e-flex e-con e-child\" data-id=\"e0d8fbf\" data-element_type=\"container\">\n\t\t\t\t<div class=\"elementor-element elementor-element-e014b2f elementor-widget elementor-widget-text-editor\" data-id=\"e014b2f\" data-element_type=\"widget\" data-widget_type=\"text-editor.default\">\n\t\t\t\t\t\t\t\t\t<h1><strong>Historia de la Virgen<\/strong><\/h1><p><strong>\u00bfC\u00f3mo lleg\u00f3 la Virgen al Santuario?\u00a0<\/strong><\/p><p style=\"text-align: left; padding-left: 40px;\"><span style=\"font-weight: 400;\">A inicio del siglo XIX un grupo de pescadores de la entonces modesta caleta de Conc\u00f3n, encontraron flotando en el mar un caj\u00f3n, el cual conten\u00eda una hermosa imagen de la <\/span><b>Sant\u00edsima Virgen Mar\u00eda<\/b><span style=\"font-weight: 400;\">, vestida de blanco con manto azul. Llevaron la bendita imagen a sus modestas casas, que no eran m\u00e1s que unas chozas, y la comenzaron a honrar con tanta fe, que ella les retribu\u00eda con m\u00faltiples gracias.<\/span><\/p><p style=\"text-align: left; padding-left: 40px;\"><span style=\"font-weight: 400;\">Al pasar algunos a\u00f1os, quisieron compartir esta gracia y llevaron la milagrosa imagen a Limache para un culto mayor, en donde fue adquirida por don <\/span><b>Juan Cris\u00f3stomo Rodenas<\/b><span style=\"font-weight: 400;\">, un piadoso y conocido vecino de la ciudad el cual, la llev\u00f3 a su hogar y empez\u00f3 a rendirle tributo junto a muchos limachinos que frecuentaban su casa, por amistad o motivos de trabajo.<\/span><\/p><p style=\"text-align: left; padding-left: 40px;\"><span style=\"font-weight: 400;\">La devoci\u00f3n y fe a la bendita imagen de la <\/span><b>Pur\u00edsima Concepci\u00f3n<\/b><span style=\"font-weight: 400;\"> empez\u00f3 a crecer en Limache, por lo cual, cada domingo de la Quincuag\u00e9sima o de las Cuarenta Horas (previo al mi\u00e9rcoles de Ceniza), era llevada al templo parroquial donde se celebraba el Jubileo Eucar\u00edstico de las Cuarenta Horas (celebraci\u00f3n en la cual se adora al Sant\u00edsimo Sacramento por tres d\u00edas consecutivos durante Cuarenta horas).<\/span><\/p><p style=\"text-align: left; padding-left: 40px;\"><span style=\"font-weight: 400;\">Ya que la devoci\u00f3n a Nuestra Se\u00f1ora hab\u00eda crecido notablemente en la ciudad, se forma la Cofrad\u00eda de la Virgen Pur\u00edsima en la Parroquia La Santa Cruz. El arzobispo de Santiago, <\/span><b>Monse\u00f1or Manuel Vicu\u00f1a Larra\u00edn<\/b><span style=\"font-weight: 400;\">, el 17 de agosto de 1840, aprueba el reglamento de la Cofrad\u00eda y declara que el domingo de Cuarenta Horas se solemnizar\u00e1 la fiesta de la Pur\u00edsima Concepci\u00f3n como Patrona tutelar de la Cofrad\u00eda, debi\u00e9ndose concluir su novena que se har\u00e1 con toda la solemnidad posible.<\/span><\/p><p style=\"text-align: left; padding-left: 40px;\"><span style=\"font-weight: 400;\">Desde entonces, la imagen de la Virgen, fue conoci\u00e9ndose popularmente como la <\/span><b>Virgen Pur\u00edsima de las Cuarenta Horas<\/b><span style=\"font-weight: 400;\">, un hermoso t\u00edtulo mariano-eucar\u00edstico puesto por los mismos devotos a la Virgen Pur\u00edsima, que era festejada el d\u00eda de las Cuarenta Horas.El 8 de diciembre de 1859, es declarada como Patrona de la ciudad.El 27 de febrero de 1881 fallece don Juan Cris\u00f3stomo Rodenas, pasando la imagen de la <\/span><b>Virgen a la Parroquia La Santa Cruz de Limache<\/b><span style=\"font-weight: 400;\">.<\/span><\/p><p style=\"text-align: left; padding-left: 40px;\"><span style=\"font-weight: 400;\">En 1935, el rector del Santuario, Monse\u00f1or Luis Alberto Rivera, dando un gran impulso a la devoci\u00f3n de la Virgen y al culto eucar\u00edstico, traslada el Jubileo Eucar\u00edstico para los d\u00edas martes, mi\u00e9rcoles y jueves de la Novena, tradici\u00f3n que hasta el d\u00eda de hoy permanece. Adem\u00e1s, dio al Santuario el lema \u201c<\/span><b>A Jes\u00fas por Mar\u00eda<\/b><span style=\"font-weight: 400;\">\u201c.<\/span><\/p><p style=\"text-align: left; padding-left: 40px;\"><span style=\"font-weight: 400;\">El 14 de diciembre de 1954, siendo p\u00e1rroco <\/span><b>Monse\u00f1or Luis Mill\u00e1n<\/b><span style=\"font-weight: 400;\">, ocurre el tr\u00e1gico incendio del Santuario y de la casa parroquial. Desde esa fecha y durante d\u00e9cadas, se trabaj\u00f3 en la construcci\u00f3n del nuevo Santuario, hasta que en 1994, siendo p\u00e1rroco el padre Claudio Ormaz\u00e1bal, se finalizan las obras.<\/span><\/p><p style=\"text-align: left; padding-left: 40px;\"><span style=\"font-weight: 400;\">El 1\u00b0 de septiembre de 1974 se funda el <\/span><b>Centro de Servidores de la Virgen \u201cMons. Luis Alberto Rivera\u201d<\/b><span style=\"font-weight: 400;\">, siendo el grupo heredero de la antigua Cofrad\u00eda de la Virgen Pur\u00edsima.<\/span><\/p><p style=\"text-align: left; padding-left: 40px;\"><span style=\"font-weight: 400;\">El s\u00e1bado 27 de febrero de 2010, v\u00edspera de la Solemnidad de Nuestra Se\u00f1ora, un fuerte terremoto afect\u00f3 a la zona centro-sur de Chile quedando seriamente da\u00f1ado el Santuario; la imagen de la Pur\u00edsima, milagrosamente queda sin da\u00f1o, a pesar de la ca\u00edda de una plancha del techos que estaba arriba de ella. Su imagen es ubicada en la explanada del Santuario, donde poco a poco los devotos se acercaron a buscar consuelo y a participar de las Misas realizadas en la plaza Independencia.<\/span><\/p><p style=\"text-align: left; padding-left: 40px;\"><span style=\"font-weight: 400;\">Despu\u00e9s del terremoto, toda la comunidad junto a su p\u00e1rroco, el padre <\/span><b>Mario Lisperguer<\/b><span style=\"font-weight: 400;\">, se volcaron a la reconstrucci\u00f3n del Santuario de Nuestra Se\u00f1ora; durante meses se realizaron diversas actividades como bingos, entre otras. Hasta que el 14 de noviembre del mismo a\u00f1o en una concurrida celebraci\u00f3n Eucar\u00edstica presidida por el Obispo de Valpara\u00edso, <\/span><b>Monse\u00f1or Gonzalo Duarte y el rector, padre Mario Lisperguer<\/b><span style=\"font-weight: 400;\">, se reabre el Santuario y se bendicen las obras.<\/span><\/p><p style=\"text-align: left; padding-left: 40px;\"><span style=\"font-weight: 400;\">El a\u00f1o 2012 la comunidad efectu\u00f3 una campa\u00f1a para la construcci\u00f3n de un nuevo Campanario para el Santuario, logrando su objetivo.<\/span><\/p><p style=\"text-align: left; padding-left: 40px;\"><span style=\"font-weight: 400;\">Y as\u00ed, desde el siglo XIX hasta nuestros d\u00edas, se ha ido escribiendo la historia de Nuestra Se\u00f1ora Pur\u00edsima de las Cuarenta Horas, una antigua tradici\u00f3n religiosa que se mantiene viva y que d\u00eda a d\u00eda, crece con singular amor y devoci\u00f3n.<\/span><\/p>\t\t\t\t\t\t\t\t<\/div>\n\t\t\t\t<\/div>\n\t\t\t\t<\/div>\n\t\t\t\t<\/div>\n\t\t","protected":false},"excerpt":{"rendered":"<p>Historia de la Virgen \u00bfC\u00f3mo lleg\u00f3 la Virgen al Santuario?\u00a0 A inicio del siglo XIX un grupo de pescadores de la entonces modesta caleta de Conc\u00f3n, encontraron flotando en el mar un caj\u00f3n, el cual conten\u00eda una hermosa imagen de la Sant\u00edsima Virgen Mar\u00eda, vestida de blanco con manto azul. Llevaron la bendita imagen a [&hellip;]<\/p>\n","protected":false},"author":1,"featured_media":0,"parent":0,"menu_order":0,"comment_status":"closed","ping_status":"closed","template":"","meta":{"footnotes":""},"class_list":["post-64","page","type-page","status-publish","hentry"],"_links":{"self":[{"href":"https:\/\/santuario40horas.cl\/index.php?rest_route=\/wp\/v2\/pages\/64","targetHints":{"allow":["GET"]}}],"collection":[{"href":"https:\/\/santuario40horas.cl\/index.php?rest_route=\/wp\/v2\/pages"}],"about":[{"href":"https:\/\/santuario40horas.cl\/index.php?rest_route=\/wp\/v2\/types\/page"}],"author":[{"embeddable":true,"href":"https:\/\/santuario40horas.cl\/index.php?rest_route=\/wp\/v2\/users\/1"}],"replies":[{"embeddable":true,"href":"https:\/\/santuario40horas.cl\/index.php?rest_route=%2Fwp%2Fv2%2Fcomments&post=64"}],"version-history":[{"count":23,"href":"https:\/\/santuario40horas.cl\/index.php?rest_route=\/wp\/v2\/pages\/64\/revisions"}],"predecessor-version":[{"id":938,"href":"https:\/\/santuario40horas.cl\/index.php?rest_route=\/wp\/v2\/pages\/64\/revisions\/938"}],"wp:attachment":[{"href":"https:\/\/santuario40horas.cl\/index.php?rest_route=%2Fwp%2Fv2%2Fmedia&parent=64"}],"curies":[{"name":"wp","href":"https:\/\/api.w.org\/{rel}","templated":true}]}}